Let x(u) = u + 4. Give x(d).
6
Let t = 12 - 8. Suppose 18*c = 14*c + t. Let i(s) = s**2 - 2*s. Let j(q) = -q**2. Let z(l) = c*i(l) + 2*j(l). Give z(-3).
-3
Suppose 12*i + 84 = 360. Let s(w) = 6 + 3 + i*w - 27*w. Give s(3).
-3
Let h(u) = -4*u - 3. Let y(a) = 4 + 2*a + 3*a + 0*a. Let x(t) = 4*h(t) + 3*y(t). Suppose -28*w - 13*w = -v + 324, 3*v - 5*w - 28 = 0. Calculate x(v).
4
Let t(k) = -110*k**3 - k**2 - k. Suppose -o = -2*r - 49 + 51, 1 = -5*r + o. Determine t(r).
110
Let i(g) = 42*g**2 - 2*g - 1. Let f = 190 - 189. Suppose 3*q = 3*x, -4*q + 0*x + 5*x = -f. Determine i(q).
43
Let z = -14892 - -14884. Let v(c) = -48*c - 387. Calculate v(z).
-3
Let d(l) = -40*l**2 - 7*l - 138. Let z(o) = -11*o**2 - 2*o - 38. Let t(y) = -8*d(y) + 29*z(y). Determine t(2).
2
Let p(g) be the first derivative of g**4/4 + 2*g**3/3 - 5*g**2 + 3*g + 990. Give p(-5).
-22
Let t(q) be the third derivative of -q**6/120 - 3*q**5/20 - 11*q**4/24 + 20*q**3/3 - q**2 + 2*q - 9. Determine t(-7).
19
Let d(r) = -2*r**3 - 27*r**2 + 22. Let g(x) = x**3 + 13*x**2 - 10. Let t(q) = 5*d(q) + 11*g(q). What is t(-8)?
0
Let c = 304 - 293. Let m(f) = c*f + 6*f - 14 - 9*f - 5*f. Determine m(6).
4
Let x(y) be the second derivative of -y**5/20 - y**4/4 + y**3/3 + 2*y**2 + 15*y. Calculate x(-2).
-4
Let s(d) = 14*d + 1. Suppose 4*w = 4*n - 52, 2*n - 13 = -5. Let m = w - -16. Suppose l + 1 = 3*h, h - m = l - 4*l. Give s(h).
15
Let d(p) = 0 - 3 - 5 - 15*p - 7*p**2. Let b(z) = -16*z**2 - 30*z - 17. Let c(f) = -3*b(f) + 7*d(f). What is c(-15)?
-5
Let a(q) = q**3 - 5*q**2 - 5*q - 2. Let p(i) = 28*i**2 + 70 + 1969*i**3 + 4*i - 1967*i**3 + 4*i**2. Let u be p(-16). Determine a(u).
4
Let m(b) = -b**3 + 7*b**2 - 8*b + 2. Let r = 506 - 500. Give m(r).
-10
Suppose -2*g - 4*x + 32 = 0, -5*g + 56 = 32*x - 28*x. Let v be (-8)/(-2) + (1 - 3). Let r(p) = -3*p**v - 5*p**2 + 2*p**3 + p - p**3. What is r(g)?
8
Suppose 27*d - 266 = 20*d. Suppose -4*n + 51 = -f, 3*n = 4*n + 2*f - 24. Let k be d/8 - n/(-56). Let u(h) = -h**2 + 3*h - 3. Give u(k).
-13
Let q(o) be the third derivative of o**7/2520 - 19*o**6/720 + 2*o**5/15 - 61*o**4/8 + 27*o**2 - o. Let l(c) be the second derivative of q(c). Determine l(18).
-2
Let q(x) = -2*x + 4*x + 9*x + 1 + 2*x - 21*x. Determine q(-5).
41
Let f be -10*3/(-18)*3. Let w = f - 11. Let x(n) = -41*n + 40*n + 13 - 18. What is x(w)?
1
Let n(r) be the third derivative of 1/6*r**4 + 0*r + 5/6*r**3 + 0 + 1/60*r**5 - 7*r**2. Let d(w) = -28*w - 173. Let g be d(-6). Calculate n(g).
10
Let d(r) = -2*r - 4. Let s be d(-5). Let a be s - (21/14)/((-2)/4). Let h(w) = 4*w - 2 + 8*w - a*w. What is h(-3)?
-11
Let g(j) = j**3 + 12*j**2 - 3*j - 25. Suppose 2*m - s - 25 = -43, 6 = -m + s. Determine g(m).
11
Let s(o) = 6*o + 0*o + o + o - 6. Suppose 6925 - 6911 = 7*j. Calculate s(j).
10
Let f(w) be the first derivative of -w**4/6 - w**3/3 - 100*w - 138. Let c(y) be the first derivative of f(y). Determine c(-2).
-4
Let k(v) be the third derivative of v**6/120 - 11*v**5/60 - 23*v**4/24 - 31*v**3/6 - 2*v**2 - 133*v. What is k(13)?
8
Let l(c) = 27*c**2 - 15*c - 15. Let a(j) = -16*j**2 + 8*j + 8. Let p(k) = -7*a(k) - 4*l(k). What is p(-2)?
12
Let b(c) = -3*c**2 - 2*c**3 + 9*c**2 - 25 + 19 + 6*c + 9 + 5*c**2. Determine b(6).
3
Let w be 18/(-4)*((-48)/108 - 0). Suppose -u = o - 5, -10 = -0*o + 5*o - w*u. Let r(n) = n**2 - 2*n - 20. Give r(o).
-20
Let c = -26770 + 26802. Let o(l) = l**2 - 32*l + 5. Calculate o(c).
5
Let v(s) = -s**2 + 10*s - 6. Suppose 5*f - 49 = 4*k, -2*f = -f + 2*k - 7. Determine v(f).
3
Let v(o) = -4*o**3 - 3*o**2 - 3*o - 16. Suppose 0 = -8*d + 16*d - 24. Let a(k) = k**3 + k**2 + k. Let p(z) = d*a(z) + v(z). Let j = -3 + 3. Calculate p(j).
-16
Let n(s) = s**3 + 12*s**2 - s - 14. Let j(l) be the second derivative of -l**4/4 + l**2/2 + 41*l - 1. Let u(y) = 6*j(y) + n(y). Determine u(7).
34
Let n = -106702 + 106703. Let x(i) be the first derivative of -i**4/12 - i**2/2 + 1. Let p(c) be the second derivative of x(c). Give p(n).
-2
Let o(w) = -3*w**3 - 8*w**2 - 3*w + 7. Let j be o(-5). Let u = 191 - j. Let i(b) = 2*b + 10. Give i(u).
-2
Let q(v) = v**2 + 10*v + 27. Let n = -1362 + 1354. Calculate q(n).
11
Let q(r) = -r**3 - 21*r**2 + 46*r + 7. Suppose 9*z = 8*z + 106*z + 2415. What is q(z)?
7
Let i(s) be the second derivative of s**5/20 + s**4/2 + 3*s**3/2 + 4*s**2 - 2*s + 717. Determine i(-5).
-12
Let r(i) = -i + 5. Let v(f) = 5*f - 21. Let y(w) = -9*r(w) - 2*v(w). Suppose -12*t = -16*t + 8. Let x be 1/(-3)*t*270/60. What is y(x)?
0
Suppose -5*h + 1 + 64 = 0. Let m(q) = h*q**2 - 24*q + 2*q**3 - 3*q + 10 + 4*q - 3*q**3. Let l be m(11). Let u(t) = 3*t**2 + t + 1. What is u(l)?
3
Suppose -2 + 0 = -2*d + 2*v, 3*d = -3*v + 21. Suppose 0 = -d*s + s - 5*p + 42, 0 = s - 3*p. Let l(u) = 6*u - s*u + 1 + 2*u. Determine l(2).
-1
Suppose 0 = -39*h + 43*h - 24. Let p(b) = 2*b**3 + 27*b**2 - 44*b - 4. Let g(k) = k**3 + 13*k**2 - 21*k - 2. Let n(w) = h*p(w) - 13*g(w). Calculate n(-8).
-6
Let v(c) = 2*c**2 + 7*c. Let z(g) = -5*g - 2. Let l be z(-5). Let j = l + -24. Let n(p) = -p**2 - 1. Let q(f) = j*v(f) - 3*n(f). Give q(7).
3
Let n(u) = -51*u**2 - 3*u - 12. Let b(w) = 125*w**2 + 7*w + 23. Let i(d) = -2*b(d) - 5*n(d). Determine i(-4).
90
Let t(f) be the first derivative of -f**3/3 - 11*f**2/2 + 7*f - 214. Calculate t(-10).
17
Let k(w) = 26*w**3 + 2*w**2 + 4*w - 137. Let s(l) = 11*l**3 + l**2 + 2*l - 70. Let x(z) = -3*k(z) + 7*s(z). Calculate x(0).
-79
Let z(i) be the second derivative of i**5/20 - 5*i**4/12 - 13*i**3/6 + 20*i**2 - 8*i - 92. Calculate z(6).
-2
Let v = 7927 - 7910. Let f(o) = 2*o**3 - 34*o**2 - 6. Give f(v).
-6
Let a(g) = -g**2 + g + 17. Suppose 27*k + 0*k - 135 = 0. Calculate a(k).
-3
Suppose 0 = 30*j - 84 - 15 + 279. Let t(w) = -w**3 - 7*w**2 - 5*w - 10. What is t(j)?
-16
Let x(t) = -2*t - 8. Let z(d) = -3*d - 9. Let b(q) = 4*x(q) - 3*z(q). Suppose 0 = -4*c - 5*l - 31, -674 = 2*c + l - 663. Determine b(c).
-9
Let l(r) = r**3 - 2*r**2 - 3*r - 2. Let i(g) = -g - g - 75 + 9*g - 6*g. Let z be i(28). Let t = z + 50. Give l(t).
-2
Let s be 8 + ((-6)/(-6) - 6). Let b(k) = -3 - k**s - 4*k - 52*k**2 - 54*k**2 + 104*k**2. Calculate b(-3).
18
Suppose 3*j = -2*s + 2*j + 11, 5*j = -3*s + 20. Suppose -s = l + 4. Let h(k) be the third derivative of k**5/60 + k**4/3 - 13*k**3/6 - k**2. Determine h(l).
-4
Let f(v) = -v**2 + 2*v + 3. Let w(i) = i**2 + 15*i - 12. Let q be w(-15). Let s = -113 - q. Let h = -97 - s. What is f(h)?
-5
Suppose 349*u + 2726 = 283. Let q(o) = -o**2 - 1 + 0*o**2 + 9 - 5*o. Let n be q(u). Let g(s) = 2*s - 2. What is g(n)?
-14
Suppose 2*u - u - 14 = -3*z, -26 = -4*u + 3*z. Let p be (u/20)/(6/30). Let q(b) = 2*b**3 + b**2 + 2. Determine q(p).
22
Let l(a) = -a + 29. Let x(b) = 14*b**2 - 6*b + 5. Suppose 0 = -26*w + 2 + 24. Let v be x(w). Give l(v).
16
Let t be (11 + -13)/((-6)/9). Let m(c) = -10*c**2 - 2 - t*c - 3 + 6*c**2 + c**3 + 0*c**3 + 2. Calculate m(5).
7
Let q = 556 + -784. Let p = q - -220. Let m(n) = n**3 + 8*n**2 + n + 11. What is m(p)?
3
Let j be (28/(-84))/(4/6)*10. Let c(s) = -4*s**2 - 21*s - 1. Calculate c(j).
4
Let d(g) be the first derivative of g**4/4 - 14*g**3/3 + 17*g**2/2 - 5*g - 3333. Determine d(12).
-89
Let v(c) = 6*c**2 + 5*c - 18. Let o be v(6). Let d = -222 + o. Let u(s) = -3*s - 7. Determine u(d).
-25
Let u(q) = 4*q**2 + 23*q + 216. Let j(b) = b**2 + 8*b + 63. Let r(y) = 7*j(y) - 2*u(y). Calculate r(11).
-2
Let n(o) be the first derivative of o**4/4 - 5*o**3/3 + 3*o**2/2 + 2*o + 21. Let k = -43 - -44. Let a be 4 - 0 - (k + -1). What is n(a)?
-2
Let k(y) = -y**2 + 9*y + 1. Let u(z) = -z. Let t be u(0). Suppose t = 4*r + 5*g - 28, 5*r + 5*g - 33 = 2. Give k(r).
15
Let l(c) = -424*c**3 + 861*c**3 - 436*c**3. Calculate l(3).
27
Let k(y) = 272*y**3 - 686*y**3 + 16*y + 413*y**3 + 86 + 5*y**2 + 15*y**2. Give k(21).
-19
Let m(u) = 8*u**3 - u**2 + 1. Let n(v) be the first derivative of 2*v**4 - v**3/3 + v - 39. Let f(c) = -3*m(c) + 4*n(c). Suppose 8*t = 3*t + 5. What is f(t)?
8
Suppose 140*f - 194*f + 108 = 0. Let r(n) be the second derivative of 1/12*n**4 + n**3 + 0 + 22*n + 0*n**f. Calculate r(-7).
7
Let t(b) be the second derivative of -b**3/2 - 17*b**2/2 - 123*b + 1. Give t(-21).
46
Let y(b) = -2*b**2 - 2*b + 1. Suppose -190 = -13*f + 8*f. Let v = -36 + f. Let c be ((-